ts digit of o(-4)?
2
Let n = 5 - 17. Let r = 229 - 215. Let q = r + n. What is the units digit of q?
2
Let t be ((-1)/(-2))/(2/1172). Let z = t - 205. What is the units digit of z?
8
Let o(v) = -v**3 + v**2 - 10. Let u be o(0). Let b be (u/3)/5*-6. Suppose 5*p + 2 = -b*t - 0, 3*p + t = 3. What is the units digit of p?
2
What is the tens digit of 2602 + 18 + (-16 - -6)?
1
What is the units digit of (-2)/13 - (-176506)/286?
7
Let k be (-1)/((12/(-8))/3). Suppose a - 3*r = -a - 17, 5*a + 14 = -k*r. What is the units digit of 846/15 - a/(-10)?
6
Suppose -7*z = 4*k - 3*z - 868, -223 = -k + z. Let m = 413 - k. What is the hundreds digit of m?
1
Let l(o) be the first derivative of o**4/4 + 8*o**3/3 - 9*o**2/2 - 20*o + 4. What is the tens digit of l(-8)?
5
Let g = 4 - 40. What is the units digit of (g/(-21))/((-4)/(-14))?
6
Suppose -h = 3*h - 896. Let r = -99 + h. What is the tens digit of r?
2
Let o(g) = g**3 + 13*g**2 + 14*g + 16. Let u be o(-12). Suppose y + y = 118. Let n = y + u. What is the units digit of n?
1
What is the tens digit of (548/(-10))/((-20)/200) + -5?
4
Let f(y) = 188*y**2 - 14*y - 34. What is the hundreds digit of f(-2)?
7
Suppose 0*g = g - 7. Suppose 403 = g*c - 465. What is the tens digit of c?
2
Suppose 4*g + 6*g - 1240 = 0. Suppose 2*k = 4*h, -5*k + 3*h = -k - 15. Suppose 5*b = k + g. What is the tens digit of b?
2
Suppose -16*g = -29308 - 11556. What is the units digit of g?
4
Suppose 0 = -174*p + 173*p. Suppose -3*k + 1 = -5. Suppose p = -b + k + 12. What is the units digit of b?
4
Suppose -11*r - 16038 = -29*r. What is the units digit of r?
1
Suppose 0*j - j = 5*q - 17, 4*j - 14 = -2*q. What is the tens digit of (100 - -2 - 2)/(2/j)?
0
Suppose 4*f + 3 - 7 = 0. Let u = 19 - 15. Suppose -5 = -u*j - f. What is the units digit of j?
1
Let o(q) = 3*q**3 + 0*q**2 + 2*q - 2*q**3 + 8*q**2. Suppose 33*v + 28 + 104 = 0. What is the units digit of o(v)?
6
Suppose 0 = 6*p - p - 10, -4*q + 9522 = -3*p. What is the hundreds digit of q?
3
Let m = -183 + 363. Suppose 4*f = -f + m. Suppose 3*g - 12 - 24 = -5*w, -5*w - f = -3*g. What is the tens digit of g?
1
Let x(f) = 26*f**3 - 4*f**2 + 5*f - 5. Let c be x(2). Suppose -3*v - c = -w - w, 5*w + 4*v - 458 = 0. What is the units digit of w?
4
What is the hundreds digit of 2 + (-5 - 1) - -455?
4
Let m be (15/(-27))/(-5) - 182/18. Let h(f) = f**3 + 13*f**2 + 20*f + 21. What is the hundreds digit of h(m)?
1
Let s = -2726 - -3881. What is the tens digit of s?
5
Let g(n) = 24*n**3 + 3*n**2 - 7*n + 4. Let h be g(3). Suppose p + h = 4*q, 2*p + 2*p - 156 = -q. What is the units digit of q?
4
Let x(g) = -13*g + 8. Let u be x(4). Let d = 78 + u. What is the units digit of d?
4
Let y be 0 - 30/(-5)*(-1)/(-1). Suppose -5*p = p - y. What is the units digit of p?
1
Let s be (8/(-3) - -2)*-24. Let f be ((-261)/(-6))/((-6)/s). What is the units digit of (-8)/28 + f/(-14)?
8
Let v be 2 + 1 - 3 - -78. Suppose -v = 6*u - 1206. What is the units digit of u?
8
Suppose -3*z + 10 = -14. Let j be (-18)/(-4) - (-4)/z. Suppose -h - 2*y + 7 = -4, h - 18 = j*y. What is the tens digit of h?
1
Suppose 0 = -7*v + 16212 + 16093. What is the thousands digit of v?
4
Let d(q) = q**2 - 12*q + 4. Let k be d(12). Suppose 2*i - 8 = -k. Suppose b = 3*o - 5*o + 7, 3*b = i*o + 13. What is the units digit of o?
1
Let s(k) = k**3 - 2*k**2 - k - 14. What is the hundreds digit of s(6)?
1
Let l = -19 + 15. Let s = l + 84. What is the units digit of s?
0
Let d(f) = 128*f - 128*f + 9 - f**3 + 16*f**2. What is the units digit of d(16)?
9
Let n = -50 - -120. Suppose -7 + 25 = 6*w. Suppose w*a - 2*a - n = 0. What is the units digit of a?
0
Suppose -2*d - 2*d - 3*r - 329 = 0, 2*d + 154 = 2*r. Let a = 144 + d. What is the units digit of (-222)/(-8) - (-16)/a?
8
Suppose 8*t - 164 - 164 = 0. Let s = t + -27. What is the units digit of s?
4
Suppose 2693 = 7*k + 117. What is the hundreds digit of k?
3
Suppose 0 = 3*a + 53 - 350. Suppose 3*m - o = 304, -m + 2*m = -2*o + a. What is the units digit of m?
1
Suppose 0 = -4*s - l + 5838 + 161, 3*s - 4498 = -l. What is the hundreds digit of s?
5
Suppose 2*k + 5*b - 1269 = 0, 2*b - 25 = -3*b. What is the hundreds digit of k?
6
Let o(m) = 853*m + 32. What is the units digit of o(7)?
3
Let p be 9 - (1 + -4) - 3. Let d = p + -7. Suppose -d*k - 3*j = 3*k - 59, 4*k = j + 37. What is the units digit of k?
0
Let l(t) = t**2 + 40*t - 40. Let x be l(-41). Let b be -1 + 1 + 0/1. Suppose b - x = -z. What is the units digit of z?
1
Let d = -1805 - -3152. What is the units digit of d?
7
Let o(t) = -66*t - 13. What is the hundreds digit of o(-11)?
7
What is the units digit of 1122/6 - (-2 + (0 - 1))?
0
Suppose 4*l = -3*h - 1054, 5*l + 374 = 4*h - 959. What is the tens digit of (-6)/((-1)/(l/(-10)))?
5
Let c be (-2)/(-4) + 85/10. Suppose 0 = -11*t + c*t + 14. What is the units digit of t?
7
Suppose 5*z - 17642 = h, 5*h = 2*z - 10492 + 3426. What is the tens digit of z?
2
Let f(j) be the third derivative of j**5/10 - j**4/24 + j**3/6 + 13*j**2. What is the tens digit of f(-3)?
5
Let g(x) = x + 5. Let m be g(-5). Let w be ((-2)/6)/(1/(-6)). Suppose m = -3*y + w + 1. What is the units digit of y?
1
Let k = -56 - -87. Suppose 5*l - 14 = k. What is the tens digit of -46*(-4)/(l + -1)?
2
Let v = 121 + -116. Suppose -v*y = -14*y + 1611. What is the units digit of y?
9
Let c be 872/6 - (-2)/(-6). Suppose -3*x = -c - 122. What is the units digit of x?
9
Let l be (4/16*-4)/((-2)/902). Suppose i + 227 = 2*a, -a = 3*a - 3*i - l. What is the units digit of a?
5
Let r be 6*((-28)/24 - -2). Suppose -10 = -r*n - 5*b, b + 22 = -n + 6*n. What is the units digit of n?
4
Let l(g) = -507*g + 32. What is the thousands digit of l(-5)?
2
What is the units digit of ((-1714)/3)/(12/(-18))?
7
What is the tens digit of 76/(-8)*268*4/(-8)?
7
Let u(z) = 2*z + 261. What is the units digit of u(4)?
9
Let y = -3 - -8. Let o(h) = -h - 1. Let i(d) = 6*d - 2. Let n(z) = i(z) - 4*o(z). What is the units digit of n(y)?
2
Let p = 98 - 55. Let k = p + -31. Let h = 24 - k. What is the tens digit of h?
1
Let h = -3 + 8. Let w be (-74)/12 + h/30. What is the units digit of (w/(-2))/((-18)/(-120))?
0
Suppose 4*l + 5*k = 1 + 3, -5*k = -3*l + 3. Let m(w) = 50*w**2 + w - 2. What is the tens digit of m(l)?
4
Let y(u) = -u**2 - 35*u + 28. Let b be y(-15). Suppose 4*m - b = 204. What is the hundreds digit of m?
1
Suppose 9 = 3*q - 0*q. Suppose 0 = -f + q*i - 38, 3*f + 4*i - i + 102 = 0. What is the units digit of 28/f*(-4 - 1)?
4
Suppose d - 30 = 8. Suppose 0 = -y + 66 + d. Suppose 16*g - y = 14*g. What is the tens digit of g?
5
Suppose -o + 2*k + 452 = 0, 3*o + 656 - 1972 = -4*k. What is the hundreds digit of o?
4
Let b(c) = -c - 1. Suppose 7*k + 12 = 3*k. Let s be b(k). Suppose j + 20 = 5*j, 3*j + 133 = s*r. What is the units digit of r?
4
Suppose 0 = 6*m - 2*m - 4*w - 288, 3*w - 64 = -m. Suppose 2*o - 164 = -3*o + 3*c, c - m = -2*o. What is the tens digit of o?
3
Let a(o) = -o**2 - 7*o - 5. Let k be a(-6). What is the units digit of 7/(k/(-14)*-2)?
9
Let r(c) = 2*c**2 - 3*c - 2. Let g(d) = 3*d**2 - 7*d - 5. Let s(i) = -3*g(i) + 5*r(i). What is the units digit of s(8)?
7
Suppose 5*u - 9 + 4 = 0. Let w(z) = 43*z - 2. What is the tens digit of w(u)?
4
Let l(f) = 2*f + 36*f**2 - 8 + 3 - 2. What is the tens digit of l(2)?
4
Let u = 121 - -227. What is the hundreds digit of u?
3
Suppose -42 = -0*n + n - 3*q, 0 = -2*n + 3*q - 84. Let j = 123 + n. What is the tens digit of j?
8
Suppose 21 = -2*a + 5*h, -5*h + 12 = -4*a - h. Suppose f + 4 = p, -4*p + 5 = -3*f - 11. Let q = a - f. What is the units digit of q?
2
Let a be (6 + -12)*(9 + -2). Let g = a + 20. Let q = -12 - g. What is the units digit of q?
0
Let a = 126 + -56. Let n = a - 20. Suppose -n = -c + 4*s, 78 - 358 = -4*c - 4*s. What is the units digit of c?
6
Let g = 528 + -241. Let v = g - 67. What is the units digit of v?
0
Suppose -9679 = -10*j + 30211. What is the tens digit of j?
8
Let t be -3 - -3*4/3. What is the units digit of ((-8)/(-6))/(t/48)?
4
What is the units digit of ((-14)/4)/(0 - 1)*862?
7
Let w = -34 - -35. Let o(j) = 25 - 1 - j - w. What is the units digit of o(12)?
1
Suppose -p - 3*p + 44 = 0. Let r = p + 3. Let j = -1 + r. What is the tens digit of j?
1
Suppose -85 = -131*b + 130*b. What is the t